4*o - 157 = -y. Calculate the greatest common divisor of y and 10.
5
Let g be (-2)/(3524/(-2100) + (-10)/(-6)). What is the greatest common divisor of g and 665?
35
Suppose -705 = -2*u + 555. Let p = 2 + 2. Suppose a + p*a = u. Calculate the greatest common factor of a and 14.
14
Let b be 2 - 4 - (-470)/47. Let u(i) = -36*i - 4. Let q be u(-3). Calculate the highest common factor of b and q.
8
Let m be 3*((-20)/(-6) - 0). Let w(o) = -o**3 + 10*o**2 + o + 11. Let r be w(m). Calculate the highest common factor of 231 and r.
21
Let j(y) = -2*y + 25. Let k be j(11). Suppose -2*x - 40 = -5*r + k*x, r + 3*x - 28 = 0. Let d = 35 - 9. What is the greatest common factor of r and d?
13
Suppose 4*n = -q + 18, 4*q - 3*n = -5*n + 2. Let a be 1/q - (-555)/10. Suppose 0 = -15*m + 8*m + 154. Calculate the greatest common factor of m and a.
11
Let v = -213 - -389. Let j be (-13 - (-63)/(-7))*(-1 + 0). What is the greatest common factor of j and v?
22
Suppose w + 3 = 6. Suppose 5*f - 180 = -w*q, q = -3*f - 2*q + 114. Let o(r) = 11*r**2 - 5*r + 5. Let d be o(1). What is the greatest common divisor of f and d?
11
Suppose -3*u + 57 = 2*o, -5 - 17 = -2*o + 4*u. Suppose 2*x = -x + 4*d + 264, 159 = 2*x + 3*d. What is the greatest common factor of o and x?
21
Let n(r) = -65*r - 15. Let d be n(-1). Suppose -351*b + d = -349*b. Let x be ((-25)/3)/((-2)/30). What is the greatest common divisor of b and x?
25
Suppose -1 = -4*p + 7. Let g(u) = 4*u**2 + 6*u + 4*u**2 - 9*u**2 - p. Let v be g(4). Calculate the highest common divisor of v and 6.
6
Let q = 8 - 0. Suppose 2*x + 5*j + 18 = 1, 3*j = -3*x - 3. Suppose -x*v - 5*z = -80, -2*v + 4*z = -9 - 31. Calculate the highest common divisor of v and q.
4
Let t(n) = 8*n**2 - 9*n + 7. Let a be t(6). Suppose -a - 284 = -7*q. What is the highest common divisor of q and 30?
15
Let p be 233 - (2 + -1 - -1). Let y be 11/(8/44 - (-40)/264). Calculate the highest common divisor of y and p.
33
Suppose 5*n = 18*n + 1235. Let o = n + 101. What is the greatest common divisor of o and 27?
3
Let b(i) = -47*i + 25*i + 0*i**2 + 4*i**2 + 3 - 6*i**2. Let u be b(-10). What is the greatest common factor of 115 and u?
23
Let q = 276 + -152. Suppose 2*d + 5*w = 250, -q = -d + 3*w - 5*w. What is the highest common factor of 30 and d?
30
Suppose -4 = -5*g + 21. Suppose 2*x - 179 = -g*j, 0 = -j + 5*x + 8 + 17. What is the greatest common factor of 7 and j?
7
Suppose 4*m - 2181 = -3*s, -4*m + s = 3*s - 2182. Calculate the greatest common divisor of 702 and m.
78
Let v(a) be the second derivative of -1/2*a**3 + 0 + a**2 + 8*a. Let q be v(-4). What is the greatest common divisor of q and 154?
14
Let n be ((-258)/15)/(2/(-5)). Let x = n - 32. Suppose -140 = -4*m + 212. Calculate the highest common factor of x and m.
11
Let f(g) = -39*g + 37. Let i be f(-5). What is the highest common divisor of i and 29?
29
Let h(o) = o**3 + 6*o**2 - 23*o + 7. Let i be h(-10). Let g = -40 - i. What is the highest common divisor of 82 and g?
41
Let y = 34 - 28. Suppose 73 - 241 = -y*p. Let x(o) = -o**3 - 2*o**2 + o + 1. Let z be x(-3). Calculate the greatest common divisor of z and p.
7
Let v be (15/(-4))/(-9*(-13)/(-4524)). Calculate the greatest common factor of 232 and v.
29
Let n = 16 + -8. Suppose 0 = 8*i - 5*i - 2*d - 1986, 4*i + 5*d = 2648. Suppose -86 = 9*q - i. Calculate the highest common factor of n and q.
8
Let v(j) = -j**3 - 8*j**2 - 12*j - 5. Let x be v(-7). Let t be (2*-2)/(-2) + 87. Let l be t/2 + 1/2. Calculate the greatest common divisor of x and l.
15
Let v = 51 - 98. Let g be (4/6)/(4/474). Let a = v + g. What is the greatest common factor of 48 and a?
16
Suppose 6*g + 14*g - 500 = 0. What is the highest common divisor of g and 425?
25
Let t(u) = -2 - 10 - 7*u**2 + u**3 + 1 + 7*u + 1. Let f be t(7). Calculate the greatest common factor of f and 26.
13
Let n be (1044/27)/(4/18). What is the highest common divisor of n and 203?
29
Let a = 140 - 146. Let f(o) = -12*o - 31. Let m be f(a). What is the highest common divisor of 82 and m?
41
Let j(q) = q - 6. Let z be j(8). Suppose 0 = -2*b + 2*k - 3*k + 559, 0 = 5*b + z*k - 1398. Calculate the greatest common divisor of 35 and b.
35
Let i = -53 - -63. Suppose 3*m + 93 = 303. Calculate the greatest common factor of i and m.
10
Suppose 4*c - 4*b = 2668, 0 = 2*c - 59*b + 54*b - 1343. Calculate the greatest common factor of c and 8.
8
Let m(p) = -p**2 - 11*p - 7. Let u be m(-10). Suppose u*s = 139 - 64. What is the highest common divisor of 5 and s?
5
Suppose 0 = -2*i - 2*i, w + i = 18. Let z = 7 - 6. Let r be (-8)/4 + (21 - z). Calculate the highest common divisor of w and r.
18
Let n = -49 + 49. Suppose 2*b + n = 30. What is the highest common divisor of 20 and b?
5
Let y(k) = -k**2 - 23*k + 15. Let v be y(-23). Let j = 0 - -5. Calculate the greatest common divisor of j and v.
5
Let g(v) = -3*v**3 - 10*v**2 - 4*v - 4. Let l be g(-3). Let i be 3/(165/50 + (l - 2)). Let c be 32*5*2/4. Calculate the greatest common divisor of i and c.
10
Suppose 6*m - m - 70 = 0. Calculate the greatest common factor of m and 70.
14
Let x be 7 - (-1 + -8 + 7). Suppose -197 = -4*b - 17. Calculate the greatest common divisor of x and b.
9
Let s be 4/6 - (-182)/78. Let h be 25/3 - -4*s/18. What is the highest common factor of h and 9?
9
Let k(z) = 44*z**2 + 10*z + 16. Let x be k(-2). What is the highest common divisor of x and 4?
4
Let x be 178/4 + (-4)/(-8). Let n be (27/(-12))/3 - 76/(-16). Let f be (3*n/(-4))/1 - -21. Calculate the greatest common divisor of x and f.
9
Let z be (4 - 1)/(3/(-4)). Let q = z + 15. Let h(p) = -25*p - 1. Let x be h(-4). What is the highest common factor of q and x?
11
Let i be 2 - -54 - 24/4. What is the highest common factor of 40 and i?
10
Let w(k) = -7*k - 9. Let j be w(-18). Let y be (-1)/(3/(-13) + 18/j). What is the highest common divisor of y and 39?
13
Let j = 4 - 6. Let m(s) = -s**3 - s. Let n be m(j). Calculate the highest common factor of 20 and n.
10
Suppose -3*y - 12 + 45 = 0. Let d(i) = -i**3 + 11*i**2 + 6*i. Let f be d(y). Let n be (-2)/(-1 + f/68). What is the highest common divisor of 102 and n?
34
Let c be 2/6 + (-188)/(-3). Let z be (168/120)/(4/60). Calculate the highest common divisor of c and z.
21
Suppose 5*c + 55 = -345. Let b = c + 154. Suppose x + b = 2*z, -5*z + 3*x - x + 184 = 0. Calculate the greatest common factor of 9 and z.
9
Let j(r) = r**2 + 1. Let f be (5 + -3)/((-4)/(-22)). Let a = f - 5. Let t be j(a). What is the highest common factor of 37 and t?
37
Let x = 983 + -944. Calculate the highest common divisor of 897 and x.
39
Let i be 8/(-15)*-3 - 4/(-10). Let b(h) = -h**3 - 3*h**2 - 3*h. Let a be b(-3). Suppose 0 = 5*r - 1 - a. What is the greatest common divisor of r and i?
2
Let t be -1*(0/3 - 1). Let q be (-3)/(-4) - 9/(-4) - -3. Let r be 48/32 + q/4. Calculate the highest common divisor of r and t.
1
Let j(d) = -10 + 6*d**2 - 4*d**2 + 13*d + 3*d**2 - d**3 + 2*d**2. Let t be j(8). Suppose 0 = -6*b + b + t. Calculate the highest common divisor of b and 48.
6
Suppose 16*i + 153 = 7*i. Let c = 25 + i. Calculate the highest common divisor of c and 24.
8
Let f(d) = d**2 - d - 4. Let s be -1*(-18)/(6/2). Let m be (0 + s/4)*2. Let n be f(m). Calculate the highest common divisor of n and 3.
1
Let g = -192 - -286. Calculate the highest common factor of g and 752.
94
Let w = -17 + 21. Suppose 3*k + 2*u - 234 + 62 = 0, k - w*u = 48. Calculate the highest common divisor of 8 and k.
8
Let t(y) = y**2 - 11*y + 11. Let p be t(10). Let o be (-5)/10 + ((-157)/(-2))/p. What is the highest common factor of 117 and o?
39
Suppose 25*o - 26*o = 3*l - 141, -5*l - 2*o = -234. Let f = 9 + -1. Let k = f + -2. Calculate the highest common divisor of l and k.
6
Let x(i) be the third derivative of 11*i**5/60 + i**4/6 - i**3/2 + 14*i**2. Let s be x(-3). What is the highest common factor of s and 21?
21
Suppose -62*l + 47*l + 360 = 0. Let d = 150 - 90. Calculate the greatest common factor of d and l.
12
Suppose 78*c - 19*c = 5900. What is the greatest common factor of c and 90?
10
Suppose 10*s + 96 = 18*s. What is the highest common factor of 3 and s?
3
Let d be (-3)/6 - (-18)/4. Let u = -13 - -21. Suppose u = -2*a + 4*a. Calculate the highest common factor of a and d.
4
Let z be (-26)/(-117) 